+ 1737. Determine u(75).
-363
Let m(b) = -41*b**2 - 320*b - 2. What is m(-8)?
-66
Let v(d) = d**2 - 49*d - 200. Determine v(56).
192
Let h(z) = -2*z**3 + 9*z**2 + 10*z - 21. Calculate h(7).
-196
Let p(y) = -2*y**2 + 3*y + 330. Calculate p(-12).
6
Let c(d) = -6*d**2 + 150*d - 600. What is c(4)?
-96
Let r(s) = -88*s + 6489. Give r(74).
-23
Let j(o) = -o**3 - 2*o**2 - 24*o + 204. Give j(7).
-405
Let z(g) = -6*g**3 - 20*g**2 + 12*g + 10. What is z(-4)?
26
Let a(x) = 14*x**2 + 8*x - 29. Determine a(4).
227
Let c(r) = -55*r - 1216. Determine c(-22).
-6
Let p(j) = 5*j + 229. What is p(-37)?
44
Let d(q) = -807*q**2 + 813*q - 12. Give d(1).
-6
Let w(l) = -l**3 + 22*l**2 - 143*l + 26. Calculate w(14).
-408
Let a(o) = -6159*o - 6162. What is a(-1)?
-3
Let z(w) = -w**2 - 179*w + 2291. Determine z(12).
-1
Let x(c) = -c**3 - 14*c**2 + 16*c - 48. Give x(-15).
-63
Let d(n) = 40*n - 365. Calculate d(9).
-5
Let u(n) = -n**2 - 90*n - 918. Calculate u(-80).
-118
Let r(x) = -66*x**2 + 461*x + 4. Give r(7).
-3
Let n(h) = -7*h - 135. What is n(5)?
-170
Let q(r) = -r**3 - 45*r**2 - 48*r - 162. Determine q(-44).
14
Let v(b) = 685*b + 274695. Determine v(-401).
10
Let f(v) = 19*v**2 - 298*v + 465. Determine f(14).
17
Let q(z) = z**2 + 113*z + 954. What is q(-9)?
18
Let h(n) = 21*n + 2273. Determine h(-111).
-58
Let i(b) = -47*b + 365. Calculate i(7).
36
Let w(u) = 4*u**2 - 578*u + 3845. Calculate w(7).
-5
Let s(u) = 2*u**3 - 212*u**2 - 214*u - 4. What is s(107)?
-4
Let x(f) = f**2 + 101*f + 784. Calculate x(-8).
40
Let o(c) = -15*c + 976. Give o(11).
811
Let n(j) = 230*j + 5752. What is n(-25)?
2
Let a(p) = -519*p - 6755. Determine a(-13).
-8
Let s(l) = l**3 - l**2 - 12*l - 46. What is s(5)?
-6
Let a(w) = 2*w**3 - 50*w**2 - 61*w + 48. Calculate a(26).
-186
Let t(a) = 4*a**2 - 139*a + 35. What is t(30)?
-535
Let j(o) = o**3 + 2*o**2 - 28*o - 79. What is j(-6)?
-55
Let c(j) = j + 319. Determine c(-26).
293
Let w(z) = -4*z**2 - 233*z - 578. What is w(-55)?
137
Let t(o) = -2*o**3 + o**2 + 14*o + 15. Give t(7).
-524
Let s(p) = 34*p**3 - 71*p**2 - 96*p + 4. What is s(3)?
-5
Let o(d) = -2*d**3 - 34*d**2 + 21*d + 43. Calculate o(-18).
313
Let w(r) = r**2 + 11*r - 181. Give w(-20).
-1
Let x(v) = 10*v - 209. Determine x(-15).
-359
Let n(w) = 47*w**2 + 48*w + 2. What is n(-1)?
1
Let x(q) = 2*q**2 - 41*q - 123. Calculate x(23).
-8
Let j(x) = -2739*x + 8205. Calculate j(3).
-12
Let x(t) = -8*t**3 + t**2 - 6*t - 13. Determine x(-2).
67
Let s(t) = 7*t**3 + 274*t**2 + 38*t - 27. Calculate s(-39).
12
Let l(i) = -35*i**3 - 1365*i**2 + 20*i + 775. Calculate l(-39).
-5
Let o(m) = m**3 + 4*m**2 - 13*m + 22. What is o(-5)?
62
Let g(a) = -4*a**3 - 27*a**2 - 9*a - 20. Determine g(-6).
-74
Let r(z) = -2*z**2 + 11*z - 12. Calculate r(4).
0
Let g(j) = -12*j**2 + 57*j + 2. Determine g(5).
-13
Let d(u) = 774*u + 6141. Calculate d(-8).
-51
Let c(m) = 7139*m + 21423. What is c(-3)?
6
Let q(c) = c**3 - 18*c**2 - 2*c + 48. Determine q(18).
12
Let i(z) = -1307*z + 1314. Calculate i(1).
7
Let i(r) = 50*r + 68. Give i(-10).
-432
Let b(d) = 4*d**2 + 2*d - 13. Determine b(-3).
17
Let l(g) = g**2 - 85*g + 353. Calculate l(68).
-803
Let s(o) = o**2 + 10*o - 73. Calculate s(10).
127
Let l(t) = 3*t**2 - 38*t - 11. What is l(16)?
149
Let v(t) = t**3 + 32*t**2 + 107*t + 6. Give v(-3).
-54
Let c(h) = 80*h - 1449. Calculate c(18).
-9
Let g(r) = r**2 - 341*r + 2337. What is g(7)?
-1
Let q(d) = -30*d + 77. Determine q(-6).
257
Let r(b) = b**2 + 65*b + 286. What is r(-60)?
-14
Let q(h) = 6*h**2 - 263*h - 16. What is q(44)?
28
Let z(b) = b**2 - 28*b - 386. Give z(42).
202
Let i(d) = -d**2 - d + 156. Give i(9).
66
Let h(s) = -s**2 + 38*s + 159. Determine h(0).
159
Let t(u) = 67*u**2 + u - 2. Calculate t(-1).
64
Let r(n) = -656*n - 11786. What is r(-18)?
22
Let m(w) = 238*w + 22398. Calculate m(-94).
26
Let v(a) = -23*a + 1361. What is v(53)?
142
Let a(j) = -3*j**2 - 31*j - 64. What is a(-4)?
12
Let w(v) = 8*v**3 - 66*v**2 + 18*v - 22. Give w(8).
-6
Let v(g) = g**3 - 20*g**2 - 12*g - 72. What is v(21)?
117
Let f(v) = 4*v**3 - 34*v**2 + 8*v + 30. Give f(8).
-34
Let n(a) = a**3 + 19*a**2 - 19*a + 36. Calculate n(-20).
16
Let q(s) = -2*s**2 + 54*s - 36. Calculate q(15).
324
Let w(u) = -16*u**3 + 335*u**2 - 11*u + 694. Give w(21).
22
Let d(g) = 76*g + 283. What is d(-5)?
-97
Let h(p) = -73*p + 1113. What is h(16)?
-55
Let h(d) = 113*d + 4290. What is h(-38)?
-4
Let l(k) = -k**3 + 9*k**2 - 10*k - 22. What is l(11)?
-374
Let d(b) = 2103*b - 12588. Determine d(6).
30
Let a(n) = -n**3 + 4*n**2 + 127*n - 738. Calculate a(7).
4
Let i(q) = -q**3 - q**2 - 8*q + 2. Give i(-6).
230
Let u(n) = -844*n + 5894. Determine u(7).
-14
Let l(i) = 36*i + 1255. Determine l(-34).
31
Let m(y) = -y**2 - 10*y + 41. Determine m(-12).
17
Let u(k) = -401*k**2 + 49723*k + 133. Determine u(124).
9
Let v(t) = -t**2 + 177*t + 3273. Calculate v(-17).
-25
Let x(v) = 2*v**3 + 25*v**2 + 87*v + 105. Calculate x(-8).
-15
Let a(l) = 52*l - 170. Give a(4).
38
Let y(d) = d**3 - 40*d**2 + 322*d - 16. Give y(11).
17
Let f(r) = -34*r - 582. Give f(-17).
-4
Let n(q) = q**3 - 25*q**2 + 27*q + 83. Give n(24).
155
Let t(p) = -821*p + 1634. What is t(2)?
-8
Let r(m) = 2*m**2 + 59*m + 78. Determine r(-28).
-6
Let z(w) = -w**3 - 15*w**2 - 14*w + 6. Calculate z(-5).
-174
Let o(p) = -2*p**2 + 96*p - 549. Give o(39).
153
Let f(a) = -22*a - 83. Determine f(3).
-149
Let a(u) = 128*u + 1911. Determine a(-15).
-9
Let y(w) = w**3 - 40*w**2 - 131*w + 104. Give y(43).
18
Let q(j) = 2*j**2 - 9*j - 7. What is q(5)?
-2
Let i(k) = k**3 - 2*k**2 - 4*k - 41. Determine i(-5).
-196
Let t(n) = 23*n + 515. Give t(-22).
9
Let l(x) = 5*x - 354. Determine l(71).
1
Let h(z) = 2*z**2 - 17*z - 54. Give h(-3).
15
Let d(s) = 43*s - 432. Calculate d(10).
-2
Let o(z) = -16*z + 340. Calculate o(7).
228
Let z(v) = v**2 + 231*v + 3. What is z(0)?
3
Let m(n) = -39*n**2 + 18*n - 18. Determine m(3).
-315
Let v(b) = -14*b**2 - 49*b + 40. Determine v(5).
-555
Let v(r) = 253*r + 3308. Give v(-13).
19
Let v(k) = 105*k + 254. Calculate v(-2).
44
Let w(u) = u**3 + 31*u**2 + 87*u + 36. Determine w(-4).
120
Let h(g) = -10*g**2 + 67*g + 30. What is h(6)?
72
Let i(f) = 93*f + 921. Determine i(-10).
-9
Let a(x) = -708*x - 99830. Determine a(-141).
-2
Let i(f) = 8*f**2 - 205*f - 104. Give i(26).
-26
Let p(t) = t**3 - 22*t**2 + 44*t - 59. Determine p(20).
21
Let o(l) = 68*l**2 + 81*l + 1. Determine o(-1).
-12
Let q(p) = -p**2 + 68*p - 914. Calculate q(18).
-14
Let a(w) = -w**2 - 18*w - 88. Give a(-10).
-8
Let j(i) = 167*i + 1608. Give j(-10).
-62
Let x(d) = -14*d**3 + d**2 - 14*d + 15. Give x(1).
-12
Let h(v) = 46*v + 345. Calculate h(-7).
23
Let w(v) = -29*v + 557. Determine w(14).
151
Let m(z) = 71*z + 1566. Give m(-22).
4
Let u(q) = q**2 - 8*q - 106. Give u(17).
47
Let d(n) = -95*n - 513. Calculate d(-7).
152
Let q(r) = 6*r**2 + 523*r - 523. Calculate q(1).
6
Let a(v) = 2*v**3 - 15*v**2 + 58*v - 16. What is a(5)?
149
Let m(q) = 402*q - 32972. Calculate m(82).
-8
Let p(m) = m**3 + 36*m**2 + 69*m + 103. Give p(-34).
69
Let b(d) = -d**3 - 50*d**2 - 519*d + 215. Calculate b(-35).
5
Let j(i) = -120*i**2 - 49*i - 49. Give j(-1).
-120
Let y(i) = -i**3 + 13*i**2 - 28*i - 9. What is y(3)?
-3
Let b(o) = -2*o**3 - 4*o**2 - 49*o - 79. Give b(-2).
19
Let h(v) = 13*v + 33. What is h(1)?
46
Let n(h) = 2*h**3 + 2*h**2 + 6*h + 8. What is n(-3)?
-46
Let p(d) = -4*d - 36. What is p(9)?
-72
Let n(u) = -3*u - 51. What is n(-29)?
36
Let v(c) = 279*c + 31. Give v(-1).
-248
Let l(v) = 4*v**2 + 70*v + 494. Give l(-8).
190
Let c(g) = -g**3 + 89*g**2 - 725*g + 43. Give c(9).
-2
Let s(r) = -13*r + 184. What is s(16)?
-24
Let v(z) = 2*z**3 - 4*z**2 - 7*z - 13. Determine v(-3).
-82
Let k(u) = -u**2 + 23*u - 140. What is k(9)?
-14
Let u(n) = -306*n - 330. Calculate u(-1).
-24
Let l(c) = -5*c**2 + 250*c + 20. What is l(50)?
20
Let s(v) = -4162*v + 45780. What is s(11)?
-2
Let a(n) = 3*n**2 + 11*n - 29. Give a(4).
63
Let b(h) = -3*h**2 - 44*h - 83. Calculate b(-12).
13
Let u(j) = j**3 - j**2 - 6*j + 9. Determine u(4).
33
Let t(z) = 4*z + 286. Calculate t(14).
342
Let s(w) = -550*w + 4947. What is s(9)?
-3
Let s(o) = 201*o - 2571. Calculate s(12).
-159
Let a(w) = -w**2 - 70*w + 814. Give a(10).
14
Let r(z) = -374*z - 5523. Give r(-15).
87
Let l(s)